{"id":684,"date":"2014-11-20T02:33:29","date_gmt":"2014-11-20T07:33:29","guid":{"rendered":"http:\/\/kendoc911.wordpress.com\/?page_id=684"},"modified":"2014-11-20T02:33:29","modified_gmt":"2014-11-20T07:33:29","slug":"flight-impacts","status":"publish","type":"page","link":"https:\/\/911warroom.com\/kendoc\/flight-impacts\/","title":{"rendered":"FLIGHT IMPACTS\/DEBRIS"},"content":{"rendered":"<p><strong>FLIGHT IMPACTS\/DEBRIS<\/strong><\/p>\n<p><img loading=\"lazy\" class=\" size-medium wp-image-3923 aligncenter\" src=\"https:\/\/kendoc911.files.wordpress.com\/2014\/11\/gz-map-5.jpg?w=222\" alt=\"GZ Map 5\" width=\"222\" height=\"300\" \/><\/p>\n<p><strong>NORTH TOWER<\/strong><\/p>\n<p>1st WTC Attack ::: Flight 11 North Tower Impact (Naudet)<br \/>\nhttp:\/\/www.911conspiracy.tv\/Naudet_plane_crash_slideshow.html<br \/>\n&#8212;&#8212;&#8212;&#8212;&#8212;<br \/>\nFirst attack on WTC 1 [ From 8:46 to 8:47 am. ]<br \/>\nwww.youtube.com\/watch?v=tVo9JorURws (6 clips first attack)<br \/>\n&#8212;&#8212;&#8212;&#8212;&#8212;<br \/>\n9\/11 WTC Rare Video of First Plane Attack &#8211; WNYW TV<br \/>\nwww.youtube.com\/watch?v=cVEmAWaKoYQ<br \/>\n&#8212;&#8212;&#8212;&#8212;&#8212;<\/p>\n<p><strong>SOUTH TOWER<\/strong><\/p>\n<p>ANALYSIS &amp; INFO &#8211; 60 Angles &#8211; VIDEOS OF THE 2ND PLANE<br \/>\nhttp:\/\/www.911conspiracy.tv\/2nd_hit.html<\/p>\n<p>2nd WTC Attack, Missed ::: 59 Amateur\/Unknown Angles<br \/>\nhttp:\/\/www.911conspiracy.tv\/2nd_hit_missed.html<br \/>\n&#8212;&#8212;&#8212;&#8212;&#8211;<br \/>\n92 views clockwise attacking WTC 2<br \/>\nwww.youtube.com\/watch?v=Wtu9r_v-XHE<br \/>\n&#8212;&#8212;&#8212;&#8212;&#8211;<br \/>\nImpacts: 50+ Clips of Impacts<br \/>\nwww.youtube.com\/watch?v=_u9kieqGppE<\/p>\n<p>The 2nd World Trade Center Attack: 43 angles<br \/>\nwww.youtube.com\/watch?v=NpUKM0MFNaM<br \/>\n&#8212;&#8212;&#8212;&#8212;<br \/>\nSeptember 11 &#8211; UA Flight 175 &#8211; compilation from different angles<br \/>\nwww.youtube.com\/watch?v=KKrPhDhalBw<br \/>\n&#8212;&#8212;&#8212;&#8212;<br \/>\n9\/11: 2nd Plane Hit Collection South Tower<br \/>\nwww.youtube.com\/watch?v=O-7YmM6eVPI<br \/>\n&#8212;&#8212;&#8212;&#8212;&#8211;<br \/>\n9\/11: 2nd Plane Hit Collection<br \/>\nwww.youtube.com\/watch?v=814rcm4KC5w<br \/>\n&#8212;&#8212;&#8212;&#8212;&#8211;<br \/>\n9\/11: WTC South Tower Plane Crash<br \/>\nwww.youtube.com\/watch?v=EFiEgwLQVJk<br \/>\n&#8212;&#8212;&#8212;&#8212;&#8211;<\/p>\n<p><strong>PLANE IMPACTS PHOTOS<\/strong><\/p>\n<p><br \/>\n&#8212;&#8212;-<\/p>\n<p><strong>WITNESSES THAT FILMED PLANE<\/strong><\/p>\n<p><strong>NAUDET BROTHERS<\/strong><\/p>\n<p>&#8220;Jules Cl\u00e9ment Naudet (born Paris, France, April 26, 1973) and Thomas G\u00e9d\u00e9on Naudet (born Paris, France, March 27, 1970) are French-born American filmmakers. The brothers, residents of the United States since 1989, were in New York City at the time of the September 11 attacks to film a documentary on members of the Engine 7, Ladder 1 firehouse in Lower Manhattan. Jules captured footage of American Airlines Flight 11 hitting the North tower of the World Trade Center.&#8221;<br \/>\nhttp:\/\/en.wikipedia.org\/wiki\/Jules_and_Gedeon_Naudet<\/p>\n<p><a href=\"https:\/\/kendoc911.files.wordpress.com\/2014\/11\/naudetframe.jpg\"><img loading=\"lazy\" class=\"aligncenter size-medium wp-image-4807\" src=\"https:\/\/kendoc911.files.wordpress.com\/2014\/11\/naudetframe.jpg?w=300\" alt=\"naudetframe\" width=\"300\" height=\"121\" \/><\/a><br \/>\n&#8212;&#8212;&#8212;&#8212;<br \/>\nWTC1 North Tower Plane Impact on 9\/11 &#8211; Naudet<br \/>\nwww.youtube.com\/watch?v=Ys41jnL2Elk<br \/>\n&#8212;&#8212;&#8212;&#8212;<br \/>\n911 1st Plane Crash Wtc 1 North Tower Slow Motion HQ<br \/>\nwww.youtube.com\/watch?v=1xf-ndKgDSs<\/p>\n<p><br \/>\n&#8212;&#8212;&#8212;&#8212;<br \/>\nWTC2 South Tower Plane Impact on 9\/11 &#8211; Naudet<br \/>\nwww.youtube.com\/watch?v=7U6KBtzoxp8<\/p>\n<p><br \/>\n&#8212;&#8212;&#8212;&#8211;<br \/>\nNaudet Brothers &#8211; 911<br \/>\nFilmed by Jules and G\u00e9d\u00e9on Naudet<br \/>\nhttp:\/\/www.liveleak.com\/view?i=259_1252776720<br \/>\n&#8212;&#8212;&#8212;&#8211;<\/p>\n<p><strong>WAS THE NAUDET FOOTAGE STAGED?<\/strong><\/p>\n<p>JULES NAUDET&#8217;S 9\/11 FILM WAS STAGED<br \/>\nhttp:\/\/911foreknowledge.com\/staged.htm<br \/>\n&#8212;&#8212;&#8212;&#8212;&#8212;<br \/>\nThe Naudet Brothers, I&#8217;m not buying it<br \/>\nhttp:\/\/pilotsfor911truth.org\/forum\/index.php?showtopic=19890<br \/>\n&#8212;&#8212;&#8212;&#8212;&#8212;<br \/>\n9 11 World Trade Center Attack &#8211; YouTube Banned this Video World Wide<br \/>\nwww.youtube.com\/watch?v=1qYwlj5b_Uo&amp;<\/p>\n<p>&#8220;The Naudet Brothers are\/were definitely paid propaganda filmmakers.On the left is Actor\/Daily News journalist turned FDNY Fireman in 1994, James Hanlon, who ended up directing, producing,and narrating the Naudet&#8217;s snuff film &#8220;9\/11&#8243;, which was allegedly intended to be about rookie fireman Tony Benetatos.&#8221;<br \/>\n&#8212;&#8212;&#8212;&#8212;&#8211;<\/p>\n<p><strong>MICHAEL HEZARKHANI<\/strong><\/p>\n<p>Video footage including the full RAW footage taken by Michael Hezarkhani<\/p>\n<p>WTC 2nd attack \u2013 Michael Hezarkhani (Raw)<br \/>\nwww.youtube.com\/watch?v=ZsP-Gt52P2A<br \/>\n&#8212;&#8212;&#8211;<br \/>\n9\/11 WTC 175 second hit slow motion 200fps<br \/>\nwww.youtube.com\/watch?v=LSDfbm8OhCg<br \/>\n&#8212;&#8212;-<br \/>\nWTC Impacts \u2013 WTC2 Hezarkhani HD<br \/>\nwww.youtube.com\/watch?v=sPeNkZz4mmU<br \/>\n&#8212;&#8212;&#8212;<br \/>\n9\/11: Enhanced WTC2 Plane (Michael Hezarkhani)<br \/>\nwww.youtube.com\/watch?v=Ec5L2hx1lFI<br \/>\n&#8212;&#8212;&#8212;-<\/p>\n<p><strong>HEZARKHANI FRAMES<\/strong><\/p>\n<p><br \/>\n&#8212;&#8212;&#8212;&#8212;&#8212;<\/p>\n<p><strong>EVAN FAIRBANKS<\/strong><\/p>\n<p><a href=\"https:\/\/kendoc911.files.wordpress.com\/2014\/11\/flight175impactfairbanks.jpg\"><img loading=\"lazy\" class=\"aligncenter size-thumbnail wp-image-3890\" src=\"https:\/\/kendoc911.files.wordpress.com\/2014\/11\/flight175impactfairbanks.jpg?w=150\" alt=\"flight175impactfairbanks\" width=\"150\" height=\"101\" \/><\/a><\/p>\n<p>(@6:44)<br \/>\nNIST Website: Evan Fairbanks Video (First Third with Audio)<br \/>\nwww.youtube.com\/watch?v=TWXXKDaACfY<br \/>\n&#8212;&#8212;&#8212;&#8211;<br \/>\nNIST FOIA 09-42: R25 &#8212; 42A0103 &#8211; G25D13, Video #3<br \/>\nwww.youtube.com\/watch?v=9mfT8cDzjpk&amp;<br \/>\n&#8212;&#8212;&#8212;&#8211;<br \/>\nHistory Channel played this clip on TV<br \/>\nwww.youtube.com\/watch?v=4JwTXEJSr4A<br \/>\nwww.youtube.com\/watch?v=x2uOUibW2HM (Evan Fairbanks Full)<br \/>\n&#8212;&#8212;&#8212;-<br \/>\nHow come NIST does not release the Audio for the infamous impact clip but yet History Channel has it?<br \/>\n&#8212;&#8212;&#8212;&#8211;<\/p>\n<p><strong>OTHER<\/strong><\/p>\n<p>www.youtube.com\/watch?v=QARTKmmZr6o (Park Foreman)<br \/>\n<a href=\"https:\/\/kendoc911.files.wordpress.com\/2014\/11\/impactparkforeman.jpg\"><img loading=\"lazy\" class=\"aligncenter size-thumbnail wp-image-4756\" src=\"https:\/\/kendoc911.files.wordpress.com\/2014\/11\/impactparkforeman.jpg?w=150\" alt=\"impactparkforeman\" width=\"150\" height=\"92\" \/><\/a><br \/>\n&#8212;&#8212;&#8212;&#8212;&#8211;<br \/>\nwww.youtube.com\/watch?v=xb6GOToyaks (Chopper 4)<br \/>\n<a href=\"https:\/\/kendoc911.files.wordpress.com\/2014\/11\/impactchopper4.jpg\"><img loading=\"lazy\" class=\"aligncenter size-thumbnail wp-image-4752\" src=\"https:\/\/kendoc911.files.wordpress.com\/2014\/11\/impactchopper4.jpg?w=150\" alt=\"impactchopper4\" width=\"150\" height=\"102\" \/><\/a><br \/>\n&#8212;&#8212;&#8212;&#8212;&#8211;<br \/>\nwww.youtube.com\/watch?v=lyqo4oh-AzU (Amateur)<br \/>\n&#8220;What&#8217;s this other jet doing? What&#8217;s this other jet doing? HOLY FUCK!!! OMG! OMG! Jesus fucking Christ!&#8221;<br \/>\n<a href=\"https:\/\/kendoc911.files.wordpress.com\/2014\/11\/impactanon2.jpg\"><img loading=\"lazy\" class=\"aligncenter size-thumbnail wp-image-4753\" src=\"https:\/\/kendoc911.files.wordpress.com\/2014\/11\/impactanon2.jpg?w=150\" alt=\"impactanon2\" width=\"150\" height=\"116\" \/><\/a><br \/>\n&#8212;&#8212;&#8212;&#8212;-<br \/>\nwww.youtube.com\/watch?v=-MhkAMFXr6Y (Amateur)<br \/>\n&#8220;There&#8217;s another one, take a look. Ooh, OMG, Oh Jeez, OMG&#8230;. Another plane just hit the other tower.&#8221;<br \/>\n<a href=\"https:\/\/kendoc911.files.wordpress.com\/2014\/11\/impactanon1.jpg\"><img loading=\"lazy\" class=\"aligncenter size-thumbnail wp-image-4751\" src=\"https:\/\/kendoc911.files.wordpress.com\/2014\/11\/impactanon1.jpg?w=150\" alt=\"impactanon1\" width=\"150\" height=\"77\" \/><\/a><br \/>\n&#8212;&#8212;&#8212;&#8212;-<br \/>\nwww.youtube.com\/watch?v=VJig1wj7oLI (Amateur)<br \/>\n&#8220;Holy Cow. What happened? Another plane just hit.&#8221;<br \/>\n<a href=\"https:\/\/kendoc911.files.wordpress.com\/2014\/11\/impactanon3.jpg\"><img loading=\"lazy\" class=\"aligncenter size-thumbnail wp-image-4754\" src=\"https:\/\/kendoc911.files.wordpress.com\/2014\/11\/impactanon3.jpg?w=150\" alt=\"impactanon3\" width=\"150\" height=\"119\" \/><\/a><br \/>\n&#8212;&#8212;&#8212;&#8212;-<br \/>\nwww.youtube.com\/watch?v=CdSm1-db_HY (Mix Amateur)<br \/>\n<a href=\"https:\/\/kendoc911.files.wordpress.com\/2014\/11\/impactanon4.jpg\"><img loading=\"lazy\" class=\"aligncenter size-thumbnail wp-image-4755\" src=\"https:\/\/kendoc911.files.wordpress.com\/2014\/11\/impactanon4.jpg?w=150\" alt=\"impactanon4\" width=\"150\" height=\"86\" \/><\/a><br \/>\n&#8212;&#8212;&#8212;&#8212;<br \/>\nwww.youtube.com\/watch?v=ffaA7p72_80 (Brooklyn Bridge shot)<br \/>\n<a href=\"https:\/\/kendoc911.files.wordpress.com\/2014\/11\/impactbrooklynbridge.jpg\"><img loading=\"lazy\" class=\"aligncenter size-thumbnail wp-image-4757\" src=\"https:\/\/kendoc911.files.wordpress.com\/2014\/11\/impactbrooklynbridge.jpg?w=150\" alt=\"impactbrooklynbridge\" width=\"150\" height=\"119\" \/><\/a><br \/>\n&#8212;&#8212;&#8212;&#8212;&#8211;<br \/>\nwww.youtube.com\/watch?v=5VNbgSzr3cA (Amateur Cam, Far Away shot)<br \/>\n<a href=\"https:\/\/kendoc911.files.wordpress.com\/2014\/11\/impactfarshotzoom.jpg\"><img loading=\"lazy\" class=\"aligncenter size-thumbnail wp-image-9363\" src=\"https:\/\/kendoc911.files.wordpress.com\/2014\/11\/impactfarshotzoom.jpg?w=150\" alt=\"impactfarshotzoom\" width=\"150\" height=\"99\" \/><\/a><br \/>\n&#8212;&#8212;&#8212;&#8212;&#8211;<br \/>\nwww.youtube.com\/watch?v=LZCUl_egM8E (Carmen Taylor)<br \/>\n<a href=\"https:\/\/kendoc911.files.wordpress.com\/2014\/11\/carmentaylor.jpg\"><img loading=\"lazy\" class=\"aligncenter wp-image-9362 size-thumbnail\" src=\"https:\/\/kendoc911.files.wordpress.com\/2014\/11\/carmentaylor.jpg?w=134\" alt=\"Carmen Taylor\" width=\"134\" height=\"150\" \/><\/a> www.911research.dsl.pipex.com\/ggua175\/carmentaylor\/ (Carmen Taylor Photo)<br \/>\n&#8212;&#8212;&#8212;&#8212;&#8211;<\/p>\n<p><strong>WITNESSES THAT SAW PLANES<\/strong><\/p>\n<p>www.youtube.com\/watch?v=D17QP2kna1I (Stephen Evans BBC, 9\/11, 15:37)<br \/>\nwww.youtube.com\/watch?v=0BPZV3EgwtA (Jane Berresford BBC, Ferry Dock)<br \/>\nwww.youtube.com\/watch?v=iCMFDwsBqUY (WTC witnesses, CNN, 9\/11, 11:08)<br \/>\nwww.youtube.com\/watch?v=XW18k8EoJb4 (WTC witnesses, CBS, 9\/11, 18:32)<br \/>\nwww.youtube.com\/watch?v=2n7iO-jkh7I (Robert Harper NBC)<br \/>\nwww.youtube.com\/watch?v=jdB5iMydROM (Military Plane)<br \/>\nwww.youtube.com\/watch?v=G1zED8dy63w (Firefighters)<br \/>\nwww.youtube.com\/watch?v=KbSFLc0BVBY (More witnesses)<br \/>\nwww.youtube.com\/watch?v=SzLtNWO3OCo (James Kosior)<br \/>\nwww.youtube.com\/watch?v=AdRHS9UrdXw (Lobby Witness)<br \/>\nwww.youtube.com\/watch?v=rdjOLY6P1Pc (Witness CSPAN)<br \/>\nwww.youtube.com\/watch?v=lYUs9u1YwV0 (Mark Burnback)<br \/>\nwww.youtube.com\/watch?v=Zyt-oUTQLd8 (Elevator)<br \/>\nwww.youtube.com\/watch?v=4RwY9R5KTA8 (Elevator 2)<br \/>\nwww.youtube.com\/watch?v=jRC4lCQuBmc (No windows)<br \/>\n&#8212;&#8212;&#8212;&#8212;&#8212;&#8211;<br \/>\n&#8220;Plane coming towards me&#8221;<br \/>\nwww.youtube.com\/watch?v=IrvyAZ_mlaI&amp;<\/p>\n<p>&#8220;Stanley Praimnath was an executive with Fuji Bank on the 81st floor of the South Tower.&#8221;<br \/>\n&#8212;&#8212;&#8212;&#8212;&#8212;&#8212;<br \/>\n<strong>Second plane witnesses<\/strong><\/p>\n<p>www.youtube.com\/watch?v=KbSFLc0BVBY (A few plane witnesses)<br \/>\nwww.youtube.com\/watch?v=zy7gKVdVUMA (FDNY Black Plane)<br \/>\nwww.youtube.com\/watch?v=s87PS2NR5yw (Nicholas)<br \/>\nwww.youtube.com\/watch?v=64iXQjmmiVw (Ricki DeSantis)<br \/>\nwww.youtube.com\/watch?v=K_Za7Arm-xQ (People on the street)<br \/>\nwww.youtube.com\/watch?v=ezopeXwUukQ (More Witnesses &#8220;Inside 9\/11)<br \/>\nwww.youtube.com\/watch?v=QtDkUl84Hz0 (2 witnesses, 1 filmed)<br \/>\nwww.youtube.com\/watch?v=n89xXA-Fd4U (Lady saw both planes)<br \/>\nwww.youtube.com\/watch?v=zMelmLspMP0 (Guy inside the tower)<br \/>\n&#8212;&#8212;&#8212;-<\/p>\n<p><strong>First plane witnesses<\/strong><\/p>\n<p>www.youtube.com\/watch?v=vG_P-WAegpE (Doug Eisler)<br \/>\nwww.youtube.com\/watch?v=199iWxkKURM (Helicopter Pilot and John Delgiormo)<br \/>\nwww.youtube.com\/watch?v=O41ZVqnkcIA (Steve Silva)<br \/>\nwww.youtube.com\/watch?v=mQl798fUL2s (Winston Mitchell)<br \/>\nwww.youtube.com\/watch?v=AvnO90H9o0k (Dan Leigh)<br \/>\nwww.youtube.com\/watch?v=gpxzj4Ua1Fo (Richard Thompson)<br \/>\nwww.youtube.com\/watch?v=Pv8h8SbgrZ8 (Red and White Plane)<br \/>\nwww.youtube.com\/watch?v=tnZ21Bpegos (Young Kid)<br \/>\nwww.youtube.com\/watch?v=him_fCz4hrI (Eyewitnesses on Bridge)<br \/>\nwww.youtube.com\/watch?v=lYUs9u1YwV0 (Mark Burnback)<br \/>\n&#8212;&#8212;&#8212;&#8212;&#8212;&#8212;&#8212;<\/p>\n<p><strong>STRANGE WITNESSES<\/strong><\/p>\n<p>www.youtube.com\/watch?v=07hJhmiWZSY (Mark &#8220;Harley Guy&#8221; Walsh)<br \/>\nwww.youtube.com\/watch?v=wERHt9gl4Tg (Jeff Valenti)<br \/>\nwww.youtube.com\/watch?v=UpdjFV6nYB4 (Even Bush saw it lol)<br \/>\nwww.youtube.com\/watch?v=T4e_nh5sU98 (Bill Heitman, WABC)<br \/>\nwww.youtube.com\/watch?v=yfbYHEjRfQI (WTC Witness Dennis Krauss, ABC)<br \/>\nwww.youtube.com\/watch?v=vknlSBzYkXY (Very strange if not dubbed, fake or they knew)<br \/>\n&#8212;&#8212;&#8212;&#8212;&#8212;<\/p>\n<p><strong>WTC HOLES<\/strong><\/p>\n<p><a href=\"https:\/\/kendoc911.files.wordpress.com\/2014\/11\/wtc12holes.jpg\"><img loading=\"lazy\" class=\"aligncenter size-medium wp-image-4819\" src=\"https:\/\/kendoc911.files.wordpress.com\/2014\/11\/wtc12holes.jpg?w=296\" alt=\"wtc12holes\" width=\"296\" height=\"300\" \/><\/a><\/p>\n<p><strong>NORTH TOWER HOLES (WTC1)<\/strong><\/p>\n<p><br \/>\n&#8212;&#8212;&#8212;&#8211;<\/p>\n<p><strong>SOUTH TOWER HOLES(WTC2)<\/strong><\/p>\n<p><br \/>\n&#8212;&#8212;&#8212;&#8212;<\/p>\n<p><strong>KINETIC ENERGY OF THE FLIGHTS<\/strong><\/p>\n<p>American Airlines Flight 11 flew at a speed of 470 mph (210m\/s) into the North Tower (WTC1) fema.gov)<br \/>\nFlight 11 impacted the North Tower carrying 8,684 gallons (57,922 lb) of [Jet Fuel] which is about 36% of capacity. (journalof911studies.com)<br \/>\nFlight 11 had a net weight of 177,079 lb plus 57,922 lb of fuel for a total minimum weight of 235,001 lb (106,594 kg).<br \/>\nThe kinetic energy of Flight 11 was about 2358 MJ.<\/p>\n<p>United Airlines Flight 175 flew at a speed of 590 mph (263m\/s) into the South Tower (WTC2) (fema.gov)<br \/>\nFlight 175 impacted the South Tower carrying 7,415 gallons (49,458 lb) of [Jet Fuel] which is about 31% of capacity. (journalof911studies.com)<br \/>\nFlight 175 had a net weight of 179,080 lb plus 49,458 lb of fuel for a total minimum weight of 228,538 lb (103,663 kg).<br \/>\nThe kinetic energy of Flight 175 was about 3585 MJ.<\/p>\n<p>Editors Note: The WTC Towers were designed to take the impact of a fully-loaded Boeing 707-340B (net weight 146,400 lb = 66,406 kg) traveling at 600 mph (268 m\/s) with a fuel capacity of 23,000 gal = 71,300 kg = 157,189 lb for a total mass of 66,406 kg + 71,300 kg = 137,706 kg has a kinetic energy of .5*137706*(268^2)=4945297872 J or about 4945 MJ.<\/p>\n<p>To summarize, the design of the WTC towers was specified to withstand a [The World Trade Center Twin Towers Were Designed For Jet Impacts impact energy of 4945 MJ], 37% greater than Flight 175&#8217;s impact energy and 109% greater than Flight 11&#8217;s impact energy.<\/p>\n<p>http:\/\/thermalimages.nfshost.com\/index.php\/World_Trade_Center_Jet_Impact_Kinetic_Energy<br \/>\n&#8212;&#8212;&#8212;&#8212;&#8212;<\/p>\n<p><strong>PLANE DEBRIS<\/strong><\/p>\n<p>There are images and video footage of plane debris scattered across Manhattan and even on top of adjacent buildings.<\/p>\n<p><br \/>\n&#8212;&#8212;&#8212;&#8212;&#8212;<\/p>\n<p><strong>CHURCH AND MURRAY ENGINE<\/strong><\/p>\n<p>CHURCH AND MURRAY ENGINE<br \/>\nhttps:\/\/kendoc911.wordpress.com\/911-flights\/church-and-murray-engine\/<\/p>\n<p>When the second plane impacted the South tower, one of the engines was ejected out the other side and ended up resting at the corner of Church and Murray next to a light post and some scaffolding.<br \/>\n&#8212;&#8212;&#8212;&#8212;&#8212;<\/p>\n<p><strong>PLANE PART DISCOVERED IN 2013<\/strong><\/p>\n<p>Here is part of alleged Flight 175 that was found in April of 2013 stuck between two buildings on Park Place.<\/p>\n<p>NY police: Landing gear part found, is tied to 9\/11<br \/>\nhttp:\/\/www.cnn.com\/2013\/04\/26\/us\/new-york-9-11-plane-part\/index.html<br \/>\n&#8212;&#8212;&#8212;<br \/>\n9\/11 Plane Part Found in Alley Near World Trade Center<br \/>\nhttp:\/\/www.nbcnewyork.com\/news\/local\/World-Trade-Center-Airplane-Pieces-Found-Sifting-Debris-Remains-204901961.html<br \/>\n&#8212;&#8212;&#8212;-<br \/>\nPart of 9\/11 plane&#8217;s landing gear found in NYC<br \/>\nhttp:\/\/www.cbc.ca\/news\/world\/story\/2013\/04\/26\/nyc-911-landing-gear-found.html<\/p>\n<p>&#8220;Police confirmed Friday that the part was found wedged between two buildings in a very narrow alley only about 18 inches wide between the rear of 50 Murray St. and back of 51 Park Place, the site where a mosque and community center has been proposed three blocks from ground zero.&#8221;<br \/>\n&#8212;&#8212;&#8212;&#8211;<br \/>\nPolice remove wreckage of 9\/11 plane found on Park Place<br \/>\nhttp:\/\/www.nydailynews.com\/new-york\/police-remove-wreckage-9-11-plane-article-1.1332036<\/p>\n<p>&#8220;The wing part was placed onto a hand truck and hauled away for safekeeping. Investigators are trying to determine which of the two planes that hit the Twin Towers the piece came from.&#8221;<br \/>\n&#8212;&#8212;&#8212;&#8211;<br \/>\nhttp:\/\/blogs.wsj.com\/metropolis\/2013\/05\/01\/no-human-remains-in-debris-from-911-plane\/<br \/>\n&#8220;No remains were found along with the 5-foot-tall, 3-foot-wide wreckage that was a support piece attached to the wing of one of the aircraft that flew into the World Trade Center, the spokeswoman said.&#8221;<br \/>\n&#8212;&#8212;&#8212;&#8211;<br \/>\nHere&#8217;s your spot:<\/p>\n<p><a href=\"https:\/\/kendoc911.files.wordpress.com\/2015\/01\/planepartlocation.jpg\"><img loading=\"lazy\" class=\"alignnone size-thumbnail wp-image-2622\" src=\"https:\/\/kendoc911.files.wordpress.com\/2015\/01\/planepartlocation.jpg?w=118\" alt=\"planepartlocation\" width=\"118\" height=\"150\" \/><\/a><\/p>\n<p>http:\/\/maps.google.ca\/maps?q=51+Park+Place,+New+York,+NY,+United+States&#038;hl=en&#038;ll=40.712703,-74.010966&#038;spn=0.004497,0.010568&#038;sll=49.303974,-84.738438&#038;sspn=15.860629,43.286133&#038;oq=51+Park+Place&#038;hnear=51+Park+Pl,+New+York,+10007,+United+States&#038;t=m&#038;z=17<br \/>\n&#8212;&#8212;&#8212;&#8212;&#8211;<br \/>\n&#8220;After the plane penetrated through the tower, part of the plane&#8217;s landing gear and fuselage came out the north side of the tower and crashed through the roof and two of the floors of 45\u201347 Park Place, between West Broadway and Church Street, (600 feet (180 meters)) north of the former World Trade Center.&#8221;<br \/>\nhttp:\/\/books.google.ca\/books?id=7fBUAAAAMAAJ&#038;q=%22park+place%22+%22landing+gear%22&#038;dq=%22park+place%22+%22landing+gear%22&#038;redir_esc=y<\/p>\n<p>45-47 Park Place is right beside where they are saying they found this NEW part at 51 Park Place. No one thought to look between buildings? wtf<br \/>\n&#8212;&#8212;<br \/>\n<strong>Photos<\/strong><\/p>\n<p><a href=\"https:\/\/kendoc911.files.wordpress.com\/2015\/01\/65b84045a.jpg\"><img loading=\"lazy\" class=\"alignnone size-thumbnail wp-image-2623\" src=\"https:\/\/kendoc911.files.wordpress.com\/2015\/01\/65b84045a.jpg?w=150\" alt=\"65B84045a\" width=\"150\" height=\"84\" \/><\/a><br \/>\nwww.cbc.ca\/gfx\/images\/news\/topstories\/2013\/04\/26\/hi-nyc-landing-gear-852.jpg<br \/>\nwww.img.gawkerassets.com\/img\/18lusij3ozhkfjpg\/k-bigpic.jpg<br \/>\n&#8212;&#8212;&#8212;-<br \/>\n<strong>Serial #<\/strong><\/p>\n<p><a href=\"https:\/\/kendoc911.files.wordpress.com\/2015\/01\/65b84045b.jpg\"><img loading=\"lazy\" class=\"alignnone size-thumbnail wp-image-2624\" src=\"https:\/\/kendoc911.files.wordpress.com\/2015\/01\/65b84045b.jpg?w=150\" alt=\"65B84045b\" width=\"150\" height=\"84\" \/><\/a><\/p>\n<p>www.assets.nydailynews.com\/polopoly_fs\/1.1328651.1367015883!\/img\/httpImage\/image.jpg_gen\/derivatives\/landscape_635\/article-plane-nbc-0426.jpg<br \/>\n&#8212;&#8212;<br \/>\n9\/11 Landing Gear Hoax UPDATE Part Turns into wing hydraulics<br \/>\nwww.youtube.com\/watch?v=EOW_ZhboBQk<br \/>\n&#8212;&#8212;<br \/>\n<strong>Part# BOEING CSTG 65B84045<\/strong><\/p>\n<p>http:\/\/www.iaircraftparts.com\/parts-number-3-start-339630.html<br \/>\nPart Number Description Cage Aircraft \/ OEM<br \/>\n65B84035-4 SLEEVE 81205 BOEING AIRCRAFT<br \/>\n65B84042-1 BEARING 81205 BOEING AIRCRAFT<br \/>\n65B84042-1 BEARING 4ATM5 SPIRIT AEROSYSTEMS<br \/>\n65B84045-1 CLAMP 81205 BOEING AIRCRAFT<br \/>\n65B84059-4 TUBE AY 81205 BOEING AIRCRAFT<\/p>\n<p>&#8220;Quality Warranty: all parts &amp; components will be inspected by our full time QA department. All materials are certified by FAA, EASA, etc, unless otherwise specified.<\/p>\n<p>We have a large amount of items available for outright or exchange, covering below aircrafts:<br \/>\nMD80, B200, L100, CH-47, F-5, ATR 42, B747, B-222, P-3, A380, GII, B757, A319, A310, UH-60, MD11, AH-1, A300, GV, DC10, B767, AH-64, A330, DC9, B777, C-130, A340, A318, A320, TH-57, B-412, ATR 72, F-16, UH-1, A321, B-206, B-412, B707, MD90, T-37, B1900, Airbus A320, KC-135, B737, B350, B727, GIV, A-37, B787&#8221;<br \/>\n&#8212;&#8212;<br \/>\nhttp:\/\/www.partslogistics.com\/demo\/search-part_num-65B840451.html<br \/>\nAlso says Last updated: 2013-04-22.<br \/>\n&#8212;&#8212;&#8212;&#8212;-<br \/>\n65B84045-1 Request For Quote<br \/>\nBOEING AIRCRAFT Part Number # 65B84045-1<br \/>\nhttp:\/\/www.afrenterprises.com\/requestquote.asp?id=65B84045-1&#038;mfr=BOEING%20AIRCRAFT<br \/>\n&#8212;&#8212;&#8212;&#8212;<br \/>\nhttp:\/\/avspares.com\/parts\/search?parts=65B84045-1<br \/>\nhttps:\/\/www.fipart.com\/parts-list\/index\/page\/18108<br \/>\nhttps:\/\/www.fipart.com\/parts-list\/index\/page\/23751<br \/>\nhttps:\/\/www.fipart.com\/parts-list?keyword=65b84045<\/p>\n<p>It&#8217;s not a part from a landing gear it&#8217;s actually part of the flap (actuator)<br \/>\n&#8212;&#8212;-<br \/>\nWhere was the NTSB?<\/p>\n<p>&#8220;The terrorist attacks of September 11, 2001 are under the jurisdiction of the Federal Bureau of Investigation. The Safety Board provided requested technical assistance to the FBI, and this material generated by the NTSB is under the control of the FBI. The Safety Board does not plan to issue a report or open a public docket&#8221;<\/p>\n<p>http:\/\/911research.wtc7.net\/planes\/evidence\/ntsb.html<br \/>\nhttp:\/\/www.ntsb.gov\/aviationquery\/brief.aspx?ev_id=20020123X00104<br \/>\n&#8212;&#8212;&#8212;&#8211;<\/p>\n","protected":false},"excerpt":{"rendered":"<p>FLIGHT IMPACTS\/DEBRIS NORTH TOWER 1st WTC Attack ::: Flight 11 North Tower Impact (Naudet) http:\/\/www.911conspiracy.tv\/Naudet_plane_crash_slideshow.html &#8212;&#8212;&#8212;&#8212;&#8212; First attack on WTC 1 [ From 8:46 to 8:47 am. ] www.youtube.com\/watch?v=tVo9JorURws (6 clips first attack) &#8212;&#8212;&#8212;&#8212;&#8212; 9\/11 WTC Rare Video of First Plane Attack &#8211; WNYW TV www.youtube.com\/watch?v=cVEmAWaKoYQ &#8212;&#8212;&#8212;&#8212;&#8212; SOUTH TOWER ANALYSIS &amp; INFO &#8211; 60 Angles [&hellip;]<\/p>\n","protected":false},"author":2,"featured_media":0,"parent":0,"menu_order":0,"comment_status":"open","ping_status":"closed","template":"","meta":[],"_links":{"self":[{"href":"https:\/\/911warroom.com\/kendoc\/wp-json\/wp\/v2\/pages\/684"}],"collection":[{"href":"https:\/\/911warroom.com\/kendoc\/wp-json\/wp\/v2\/pages"}],"about":[{"href":"https:\/\/911warroom.com\/kendoc\/wp-json\/wp\/v2\/types\/page"}],"author":[{"embeddable":true,"href":"https:\/\/911warroom.com\/kendoc\/wp-json\/wp\/v2\/users\/2"}],"replies":[{"embeddable":true,"href":"https:\/\/911warroom.com\/kendoc\/wp-json\/wp\/v2\/comments?post=684"}],"version-history":[{"count":0,"href":"https:\/\/911warroom.com\/kendoc\/wp-json\/wp\/v2\/pages\/684\/revisions"}],"wp:attachment":[{"href":"https:\/\/911warroom.com\/kendoc\/wp-json\/wp\/v2\/media?parent=684"}],"curies":[{"name":"wp","href":"https:\/\/api.w.org\/{rel}","templated":true}]}}